*g**2 + 8692*g - 2905. Give t(511).
-350
Let x(r) = -2*r**2 - 137*r - 2226. Calculate x(-27).
15
Let c(r) = r**2 + 1026*r - 112544. Determine c(100).
56
Let u(z) = -6445*z + 2217089. What is u(344)?
9
Let m(x) = -3*x**3 + 682*x**2 - 8557*x - 625. Calculate m(214).
17
Let r(z) = 4*z**2 - 1872*z + 47618. Determine r(27).
-10
Let c(b) = -4*b**3 - 38*b**2 - 11028*b - 99092. Give c(-9).
-2
Let o(r) = 4*r**2 - 1537*r + 12312. What is o(376)?
-96
Let j(c) = -47*c**3 + 13*c**2 - 28*c - 1. Calculate j(3).
-1237
Let w(y) = -12*y**2 + 1354*y - 1893. What is w(111)?
549
Let n(u) = 11*u**3 + 100*u**2 - 15*u - 96. Calculate n(-9).
120
Let q(x) = -x**2 - 6518*x - 58522. Determine q(-9).
59
Let q(n) = 1731*n - 1561. Determine q(1).
170
Let c(z) = 10*z**2 - 864*z + 450. What is c(86)?
106
Let r(h) = 210903*h + 1265401. Give r(-6).
-17
Let a(z) = 704*z**2 + 4118*z + 26. Give a(-6).
662
Let p(f) = 27*f**2 + 16357*f - 49105. Calculate p(3).
209
Let k(w) = -1089724*w - 21794494. What is k(-20)?
-14
Let s(b) = -b**3 - 12894*b**2 - b - 60. Give s(0).
-60
Let y(d) = d**3 - 62*d**2 + 116*d - 7125. What is y(62)?
67
Let o(v) = -v**3 - 16*v**2 + 39*v + 698. What is o(-9)?
-220
Let z(j) = 8*j**3 - 14*j**2 - 415*j + 413. Determine z(1).
-8
Let c(f) = f**3 + 1175*f**2 - 7037*f - 2736451. Determine c(-1179).
8
Let b(c) = c**2 - 261*c - 236. What is b(0)?
-236
Let p(v) = -4*v**3 - 344*v**2 - 317*v + 1990. Give p(-85).
35
Let b(r) = -2*r**3 - 81*r**2 - 5215*r - 198803. What is b(-39)?
19
Let c(a) = -a**3 + 13*a**2 - 271*a + 4453. Determine c(15).
-62
Let g(i) = i**3 + 51*i**2 + 222*i + 17386. Calculate g(-53).
2
Let j(s) = -5945*s + 552879. Calculate j(93).
-6
Let r(c) = 89474*c + 25231668. Determine r(-282).
0
Let a(t) = -1366*t - 183911. What is a(-135)?
499
Let d(x) = 334*x - 92096. Give d(276).
88
Let c(w) = -2310*w**2 + 13945*w + 10. Give c(6).
520
Let c(o) = 173*o - 5633. Give c(36).
595
Let y(s) = s**3 + 49*s**2 - 356*s - 1498. Give y(-55).
-68
Let j(z) = -z**3 - 157*z**2 + 13*z - 74742. Give j(-160).
-22
Let y(r) = -28*r**2 + 332*r + 3790. Determine y(-10).
-2330
Let p(a) = -3*a**3 + 901*a**2 - 283*a - 5115. What is p(300)?
-15
Let o(k) = 3*k**3 + 12*k**2 + 2072*k - 2070. Give o(1).
17
Let s(k) = -k**3 - 6*k**2 - 12*k + 2361. Calculate s(0).
2361
Let h(a) = a**2 - 100*a - 7665. Give h(-51).
36
Let u(v) = 2*v**3 + 12*v**2 + 25*v - 121. Give u(-6).
-271
Let w(t) = 39*t - 541. Determine w(22).
317
Let j(v) = -2*v**2 + 2077*v + 14544. What is j(-7)?
-93
Let o(w) = 32677*w + 5751154. Determine o(-176).
2
Let t(n) = -n**2 - 58*n + 13506. Calculate t(91).
-53
Let m(v) = -775059*v - 14726112. Calculate m(-19).
9
Let h(n) = 5*n**2 + 93*n - 468. Determine h(8).
596
Let j(z) = 69400*z - 138807. Determine j(2).
-7
Let d(b) = -2*b**2 - 240*b + 2545. Determine d(10).
-55
Let l(q) = q**2 + 5686*q + 662447. What is l(-119)?
-26
Let o(q) = -q**2 + 170*q + 6716. Give o(203).
17
Let z(w) = w**3 - 16*w**2 - 137*w + 14. Determine z(26).
3212
Let c(u) = 21*u + 92. Calculate c(-28).
-496
Let w(y) = -735*y + 3367. Give w(4).
427
Let v(y) = -317*y**2 + 13315*y - 40. Give v(42).
2
Let j(k) = 7588*k + 182245. Give j(-24).
133
Let h(w) = -1236*w + 799. Give h(3).
-2909
Let p(t) = -301*t**3 + 4222*t**2 - 115*t + 62. Determine p(14).
20
Let f(o) = -2*o**3 + 210*o**2 + 594*o - 62375. Determine f(105).
-5
Let i(m) = 4*m**3 + 641*m**2 + 191*m + 4846. Calculate i(-160).
-114
Let g(k) = -k**3 + 179*k**2 - 1682*k - 382. Give g(169).
970
Let k(n) = 35214*n + 352131. Give k(-10).
-9
Let z(o) = -109487*o - 547437. Calculate z(-5).
-2
Let d(z) = -8*z**2 - 3078*z + 762. Determine d(-385).
-8
Let i(m) = -277*m - 1912. Determine i(-6).
-250
Let v(f) = 2*f**2 + 379*f + 15626. Give v(-62).
-184
Let m(j) = -195535*j + 9385686. What is m(48)?
6
Let w(a) = 12072*a + 3090443. Determine w(-256).
11
Let c(m) = m**3 + 258*m**2 + 6727*m + 19788. What is c(-229)?
94
Let k(u) = 3*u**2 + 4901*u - 83236. Give k(17).
948
Let w(k) = -236*k**2 + 1393*k + 116. Give w(6).
-22
Let r(y) = -7819*y - 172242. Give r(-22).
-224
Let g(v) = 154164*v + 8787359. Give g(-57).
11
Let m(q) = 334*q - 4668. Give m(14).
8
Let a(l) = l**2 + 26*l + 101. Determine a(-22).
13
Let u(v) = -11503*v - 506135. Calculate u(-44).
-3
Let y(v) = -3*v**3 - 281*v**2 - 186*v - 137. What is y(-93)?
-137
Let s(t) = t**2 - 71*t - 5798. Determine s(120).
82
Let u(k) = k**3 + 82*k**2 + 1045*k - 595. Calculate u(-66).
131
Let h(m) = 238576*m + 12883103. Calculate h(-54).
-1
Let c(i) = 383*i**2 - 2*i - 11. What is c(-2)?
1525
Let l(t) = t**3 - 68*t**2 - 98*t + 1644. Calculate l(69).
-357
Let j(s) = 2*s**2 - 1516*s + 263104. Determine j(489).
22
Let m(v) = 1165*v**2 + 37288*v + 258. Calculate m(-32).
2
Let m(v) = 5*v**3 - 6*v**2 + 232*v - 633. Calculate m(3).
144
Let k(f) = -693*f - 36066. Give k(-53).
663
Let n(r) = -3*r**2 - 1017*r - 67767. Give n(-91).
-63
Let i(r) = -251*r**3 + 72036*r**2 + 291*r - 1082. Give i(287).
66
Let u(c) = -31194*c - 248219. Give u(-8).
1333
Let n(q) = 2*q**3 - 15*q**2 - 227*q - 608. Calculate n(0).
-608
Let f(t) = -489*t - 87442. Calculate f(-179).
89
Let d(w) = 82*w**2 + 961*w + 15. Determine d(-6).
-2799
Let f(i) = 11145*i + 300758. Determine f(-27).
-157
Let o(s) = 1810*s**2 + 195486*s + 543. What is o(-108)?
-105
Let v(w) = -528*w**2 - 91342*w + 247. Give v(-173).
-99
Let s(y) = -1033*y - 27170. Determine s(-27).
721
Let q(k) = 5320*k + 388354. Give q(-73).
-6
Let z(m) = -m**2 - 31387*m + 5618568. Calculate z(178).
-2
Let g(o) = -2*o**2 + 364*o - 12869. Calculate g(134).
-5
Let i(z) = -3172*z**2 - 60268*z + 38. Give i(-19).
38
Let w(s) = 11450*s + 101912. Determine w(-9).
-1138
Let h(a) = -a**2 + 1956*a + 39472. Give h(-20).
-48
Let m(k) = 32973*k + 231208. Give m(-7).
397
Let w(v) = v**2 - 25*v - 29252. What is w(-159)?
4
Let n(y) = -y**3 + 4*y**2 + 239*y + 4517. Give n(23).
-37
Let v(h) = -h**2 + 12445*h - 174032. Calculate v(14).
2
Let j(b) = 352*b - 10700. Determine j(37).
2324
Let b(x) = 4*x**3 - 28*x**2 - 223*x + 4. What is b(0)?
4
Let d(k) = 1018*k - 7661. Determine d(8).
483
Let r(a) = -45694*a + 91366. Calculate r(2).
-22
Let d(b) = b**2 + 749*b + 77565. Determine d(-124).
65
Let g(m) = -14778*m - 8157521. What is g(-552)?
-65
Let g(c) = 4*c**3 + 27*c**2 + 78*c + 603. Give g(-7).
8
Let z(l) = -5*l**3 + 60*l**2 - 59*l + 13. What is z(-4)?
1529
Let h(p) = -411*p - 3453. Calculate h(-7).
-576
Let x(v) = v**2 - 443636*v + 2661777. Give x(6).
-3
Let p(w) = -22599*w - 135406. Determine p(-6).
188
Let c(m) = -220*m + 1649. Give c(6).
329
Let o(j) = 6*j**3 - 224*j**2 - 1547*j + 32. Determine o(-7).
-2173
Let x(u) = -u**2 + 550*u + 3234. Determine x(-6).
-102
Let v(w) = 112*w**3 - 5*w**2 - 6*w - 11. Determine v(-2).
-915
Let z(u) = -34916*u - 733215. Determine z(-21).
21
Let s(g) = -2*g**3 - 425*g**2 - 2816*g + 475. What is s(-7)?
48
Let c(i) = -57170*i - 228676. Determine c(-4).
4
Let c(y) = -y**3 + 124*y**2 - 41*y + 36437. Calculate c(126).
-481
Let j(o) = -o**3 + 50*o**2 - 30*o - 8744. What is j(45)?
31
Let l(j) = -6*j**2 - 9161*j + 18327. What is l(2)?
-19
Let p(a) = 6113*a - 36548. Determine p(6).
130
Let d(z) = -76*z**2 - 83*z - 330. What is d(-5)?
-1815
Let d(u) = -u**3 - 3*u**2 + 188*u + 256. Calculate d(13).
-4
Let q(p) = p**3 - 38*p**2 + 244*p - 405. What is q(5)?
-10
Let k(h) = -7258*h + 94449. Calculate k(13).
95
Let u(j) = 4*j**3 - 33*j**2 - 48*j + 576. Determine u(7).
-5
Let l(d) = -3*d**3 + 11*d**2 - 245*d + 1945. Determine l(9).
-1556
Let y(i) = 302857*i - 1817140. What is y(6)?
2
Let s(g) = g**3 - 75*g**2 + 170*g - 1738. Calculate s(73).
14
Let n(i) = 3376*i - 2285559. What is n(677)?
-7
Let m(v) = -959*v - 175576. Calculate m(-183).
-79
Let p(s) = -2452*s - 205694. Determine p(-84).
274
Let h(g) = -53*g**2 - 179*g - 78. Calculate h(-4).
-210
Let m(f) = 2*f**3 + 98*f**2 + 173*f - 310. What is m(-3)?
-1
Let w(a) = -a**3 + 88*a**2 + 184*a - 1489. What is w(90)?
-1129
Let l(n) = 2*n**2 + 49*n + 279. Calculate l(-6).
57
Let a(w) = w**3 + 102*w**2 + 2584*w - 106. Determine a(-46).
-474
Let c(n) = -7*n**3 - 21*n**2 + 59*n + 704. Determine c(-10).
5014
Let y(r) = 2*r**3 - 16*r**2 + 7*r - 3. Give y(12).
1233
Let k(w) = -569*w**3 + w**2 - 9*w - 11. Give k(-1).
568
Let y(u) = u**3 + 11*u**2 - 1068*u + 117. What is y(0)?
11